 4*w - 1272, w + 2*w = -j*o + 954. What are the prime factors of w?
2, 3, 53
Let b(i) = 18*i + 10. Let w be b(7). Suppose -3*x = w + 251. Let k = x - -212. List the prime factors of k.
83
Let c(l) = 7*l - 209. Let r be c(37). Suppose -j - 2*s - 1 = 0, -r*j - 5*s = -45*j - 5. List the prime factors of j.
3
What are the prime factors of ((-2)/10)/((-14)/(-105)) + 66810/4?
3, 19, 293
Let v = 45069 + -31930. What are the prime factors of v?
7, 1877
Let u = 466 - 1188. Let p = 1031 + u. List the prime factors of p.
3, 103
Let y = 151 + -330. Let u = y + 316. Suppose 3*d - 3*x - 276 = 0, -2*d = -4*x - 37 - u. What are the prime factors of d?
97
Let f be ((-13)/(-2))/13*(-536)/(-2). Let x = -131 + f. Suppose -3*y + 334 - 106 = -x*m, 5*m - 220 = -3*y. List the prime factors of y.
3, 5
Let a(y) = 9*y + 44. Suppose -353 - 79 = -18*s. List the prime factors of a(s).
2, 5, 13
Let r be (-3)/2*(-10)/5. Suppose -5*w + k + 1 = -2*w, 15 = r*k. Suppose 6*a = -w*v + a + 85, -5*v = 5*a - 235. List the prime factors of v.
2, 5
Let x = 50 - 48. Let n(o) = -9 + x*o**2 + 11*o**2 - 5*o - 2*o**2 - o**3. List the prime factors of n(8).
11, 13
Let d = 233 - 235. Let z(j) = -65*j + 10. List the prime factors of z(d).
2, 5, 7
Let g(m) = m**3 - 15*m**2 + 25*m - 16. Let l = 45 + -32. Let h be g(l). Let s = 39 + h. List the prime factors of s.
2, 5
Let n(o) = 4*o**2 + 17*o + 33. Let x(d) = -4*d**2 - 17*d - 33. Let i(m) = 5*n(m) + 4*x(m). List the prime factors of i(12).
3, 271
Let c(o) = -337*o + 12. Let t(l) = 336*l - 12. Let i(f) = 3*c(f) + 4*t(f). What are the prime factors of i(2)?
2, 3, 109
Suppose 0 = -2*s + 4*g + 17102, 15*g - 34139 = -4*s + 10*g. List the prime factors of s.
3, 13, 73
Let x(a) = -12*a + 28. Let q be x(2). Suppose 0 = -2*v + 3*f + 157, -q*f - 102 = -2*v + 60. What are the prime factors of v?
71
Let x be (-50)/175*203/(-2). Suppose 35*s - 3888 = x*s. What are the prime factors of s?
2, 3
Let u be (-162)/(-5) + 2/(-5). Let g be (12 - 35) + (-2)/(-2 + 0). Let x = g + u. What are the prime factors of x?
2, 5
Suppose -16*v + 202 - 42 = 0. Suppose v*j - 2*j - 8 = 0. Suppose -p + j = 0, 2*p + 278 = -2*x + 4*x. What are the prime factors of x?
2, 5, 7
What are the prime factors of (6/(-4))/(447/(-326906))?
1097
Let u = -26800 - -38577. List the prime factors of u.
11777
Let p(y) = -y**3 + 6*y**2 + 6*y + 9. Let f be p(7). Suppose -5*z - 3*m + 2295 = f*m, 4*z - 1832 = -3*m. What are the prime factors of z?
5, 7, 13
Suppose 17*t + 2*d - 11264 = 15*t, -2*d - 16901 = -3*t. List the prime factors of t.
43, 131
Let l(d) = d**2 - d - 1. Let x be l(3). Suppose -9*a + x*a + 572 = 0. Suppose 21*s - 8*s = a. What are the prime factors of s?
11
Suppose 2*l = -6*z + 4*z + 1994, -5*z + 3985 = 4*l. Suppose 4078 = 2*m + l. List the prime factors of m.
3, 19
Let v(t) be the first derivative of -t**4/4 - 3*t**3 - 6*t**2 - 51*t + 95. List the prime factors of v(-12).
3, 5, 7
Let g(i) = i**2 - 13*i. Let l be g(13). Let q(w) = -2*w + 4. Let z be q(l). Suppose 4*h + 138 - 6 = z*m, 37 = m - 5*h. What are the prime factors of m?
2
Let v(j) be the second derivative of -2*j**3/3 + 6*j**2 - 4*j. Let q be v(-6). Suppose a - 45 = q. List the prime factors of a.
3
Let p(z) = -z**3 + z + 1. Let u(a) = -806*a**3 + 5*a**2 + 3*a - 1. Let q(o) = 2*p(o) + u(o). List the prime factors of q(-1).
809
Let r(s) = -s**3 + 5*s**2 + 4. Let b be r(5). Suppose -u + 45 = b*u. List the prime factors of u.
3
Let r(b) = 4*b**2 - 17*b + 88. What are the prime factors of r(29)?
11, 269
Suppose 28*n - 38646 = 12790. What are the prime factors of n?
11, 167
Suppose 0 = 4*t - 5*j + 800, -3*t - 724 + 124 = -3*j. Let w = t - -338. List the prime factors of w.
2, 3, 23
Suppose v = 3*u + 3*v - 4, 0 = -3*u + 3*v + 24. Suppose u*d = -9 + 133. Suppose 0 = -29*g + d*g - 156. List the prime factors of g.
2, 3, 13
Let k(j) = -748*j + 61. Let q(c) = -742*c + 62. Let p(o) = 3*k(o) - 2*q(o). What are the prime factors of p(-1)?
3, 7, 13
Let z = -109 + 62. Let d be 2/(-1)*(-78)/(-12) - 2. Let t = d - z. List the prime factors of t.
2
Let o be ((-3)/(9/22))/(60/2070). Let t = o - -88. Let c = t + 259. What are the prime factors of c?
2, 47
Let p = -188 + 198. List the prime factors of 370 + (-15)/25 + 46/p.
2, 11, 17
List the prime factors of 186/(-1*(-2)/72).
2, 3, 31
Let w(g) = 267*g**2 - 3*g + 1. Let f be w(1). Suppose 2*v + 2*j = j + f, 0 = -3*v + 5*j + 391. Let r = v + -70. What are the prime factors of r?
2, 31
Suppose 0 = -4*h - 4 - 0, -3*c + 5*h + 16685 = 0. What are the prime factors of c?
2, 5, 139
Let r = 6260 - -19280. List the prime factors of r.
2, 5, 1277
Let u be (64/(-96))/((-1)/3). Suppose u*f - 217 - 153 = 0. List the prime factors of f.
5, 37
Let c be ((-37)/333)/(2/(-36)). Suppose -4*n - 4515 = -5*q, -c*q - n = -7*q + 4530. What are the prime factors of q?
907
Let w = 7956 + 2643. List the prime factors of w.
3, 3533
Let h = -24 - -337. Let f = 102 + h. What are the prime factors of f?
5, 83
Suppose -4*f + 5840 = 5*y, -2*f + 3512 = 3*y + 2*f. Let u = y + -430. List the prime factors of u.
2, 367
Suppose -l + 139 = 3*l + 5*o, 4*l - o = 169. Suppose -l = -6*q + 37. Let j(f) = 2*f**2 - 12*f + 2. List the prime factors of j(q).
2, 23
Let f(j) = -567*j + 23. Let t be f(-3). Let z = t + -770. List the prime factors of z.
2, 3, 53
Let c(p) = 7*p**2 - 162*p - 26. List the prime factors of c(24).
2, 59
Let n(o) = 135*o + 12394. What are the prime factors of n(58)?
2, 79
Let p be (-344)/((-121)/154 + 2/7). Let m = p - 464. What are the prime factors of m?
2, 7
Let s(q) = 1642*q + 1495. What are the prime factors of s(14)?
3, 8161
Let d = -17 + 19. Suppose -d = -2*s, 0 = 3*b - 0*s + s - 10. List the prime factors of (b - 2)/(2/104).
2, 13
Suppose 5*w = 16 + 9. Suppose w*t = 5*y + 35, 2*t - y = -5*y + 44. Suppose t*h = 18*h - 570. What are the prime factors of h?
5, 19
Let m be 0 + ((-4)/(-4) - -4). Suppose -y - 8 = -m*y. What are the prime factors of (-38)/(-1) + (y - 3)?
37
Let h = -15 - -18. Suppose -12 = -3*u + h*b, -u - 2*b = 4*u + 8. Suppose -x + 3*x - 58 = u. List the prime factors of x.
29
Suppose 3*n + 1582 = w + 308, 12 = -4*n. List the prime factors of w.
5, 11, 23
Suppose 3251*n + 120903 = 3*d + 3248*n, n + 1 = 0. What are the prime factors of d?
2, 5, 13, 31
Suppose 2*p - 4 = -5*d + 26, -3*d - 4*p = -4. Suppose 0 = -5*g + 4*h + 147, -d = -3*h - h. Let r = g - -31. List the prime factors of r.
2, 31
Let q = -23932 - -53765. What are the prime factors of q?
29833
Let t(i) = 2*i**2 + 16*i + 55. Let o be t(-20). Suppose d = o - 38. List the prime factors of d.
7, 71
Suppose 0*y = -10*y - 680. Let s be ((-1462)/y)/((-1)/(-6)). Suppose 6*m - 603 = -s. List the prime factors of m.
79
Let g = -14230 - -4996. Let d(a) = -a**3 + 12*a**2 - 16*a + 57. Let x be d(7). List the prime factors of 3/(30/4) - g/x.
7
Suppose -77*b - 4*w + 1909 = -74*b, 4*w + 2592 = 4*b. List the prime factors of b.
643
Let j(w) = -w**3 + 12*w**2 + 70*w - 654. Let t be j(10). Suppose 0 = -2*c + 3*c - 2. Suppose -x = 5*p - 561, -3*x - 2*x = -c*p + t. List the prime factors of p.
113
Let f(t) = t**3 + 4*t**2 - 11*t + 9. Let h be f(-6). Suppose s + s = h*d - 160, -5*d + 275 = -5*s. List the prime factors of 0 - d/3*78/(-5).
2, 5, 13
Suppose -10*g - 78 = -2*n - 7*g, 0 = 3*n + 3*g - 102. Suppose z + 2*o - n = 542, z = -4*o + 580. What are the prime factors of z?
2, 3
Let q = 45 - 31. Let i be 650/(-35) - -1 - (-8)/q. Let f = 94 + i. List the prime factors of f.
7, 11
Let t(g) = -3*g**3 + 3*g**2 - 5. Let u be t(-2). Suppose u = 10*k - 29. List the prime factors of 136/12 - (-4)/k.
2, 3
Suppose 6*k - 16 = 2*k. Suppose -k*s = -16, w + w = -4*s + 56. Suppose -w = 3*f - 200. List the prime factors of f.
2, 3, 5
Suppose r - 3046 = -2*o, -5*r + 0*o + 15216 = -4*o. Suppose -4*a + a + 3026 = 5*h, 5*h - 3*a - r = 0. List the prime factors of h.
607
Let b(d) = -8*d - 60. Let x be b(-8). What are the prime factors of 1626/x*12/18?
271
Let f = -19772 + 37726. List the prime factors of f.
2, 47, 191
Suppose -25 = 2*d - 5*i, -2*d = -3*d + 2*i - 10. Suppose -4*v = d, 2744 = 4*y - 2*v + 936. What are the prime factors of y?
2, 113
Suppose -9*j = 10*j - 42883. Suppose 1118 = 5*w - j. List the prime factors of w.
3, 5
Let x = 329 + -335. Suppose 0 = -3*s - 15, d =